3) is divided by u.
13
Let x = -11 + 13. What is the remainder when (-1284)/(-20) + x/15*6 is divided by 33?
32
Let f(w) = -w + 9. Let p be f(11). What is the remainder when 44/(-3)*3/p is divided by 12?
10
Let n = 5538 + -3741. What is the remainder when n is divided by 4?
1
Let x = 978 + -970. What is the remainder when 9 is divided by x?
1
Suppose -9*c = -5*c + 2*d - 90, -4*c - 5*d + 93 = 0. What is the remainder when (0 - -2) + 1 + 82 is divided by c?
19
Let a = -236 - -246. What is the remainder when 66 is divided by a?
6
Suppose -303*h + 298*h + 915 = 0. Suppose i - 54 = -4*p + 3, -i + 2*p = -27. What is the remainder when h is divided by i?
35
What is the remainder when 80 is divided by (2 - (1 - 1))/(2/27)?
26
Suppose 3*j - 14*p - 406 = -10*p, -p = -2*j + 269. What is the remainder when j is divided by 67?
0
Let f = 17 + -56. Let t = f - -45. What is the remainder when t is divided by 3?
0
Let o(s) be the third derivative of s**5/10 + s**4/6 + s**3/2 - 9*s**2. Calculate the remainder when 52 is divided by o(-2).
14
Let p(b) = 2*b**3 - 7*b**2 + 10*b - 19. What is the remainder when p(4) is divided by 8?
5
Let m = -13 - -35. Suppose 6*j - 3*j = 4*w + m, 2*w = -4*j + 44. Suppose 14*o = j*o + 56. Calculate the remainder when o is divided by 10.
4
What is the remainder when 11 + -8 - (-4 + 5 + -102) is divided by 7?
6
Suppose -n = -2*j - 84, 0 = -8*j + 3*j + 5. Suppose 0*q + 180 = 4*q - 2*v, -n = -2*q + 3*v. What is the remainder when q is divided by 12?
10
Let n be ((-2)/4)/(1/8). What is the remainder when ((-693)/(-154))/((-2)/(-4)) is divided by (-1)/n + 38/8?
4
Let r = 16 - 12. Suppose -r*s = -3*s - 2. Suppose s*w - 3*d - 14 = -4*d, 2*d - 35 = -5*w. What is the remainder when 20 is divided by w?
6
Let m(y) = 11*y - 25. What is the remainder when 22 is divided by m(4)?
3
Let u = 75 + -48. Suppose -u*g = -29*g + 20. What is the remainder when 18 is divided by g?
8
Let x(d) = 2*d**2 - 31*d + 56. What is the remainder when x(21) is divided by 36?
35
Let p(r) = 61*r**3 - r**2 + r. Let d be p(1). Let x = d - -35. What is the remainder when x is divided by ((-39)/(-26) - -15)*2?
30
Suppose -2*b - 3*u + 255 = 0, 2*b + u - 93 = 168. What is the remainder when b is divided by 14?
6
Suppose 0 = -s + 4*l + 24, 3*s + l - 3 = s. Suppose 290 = 5*a - 2*i, -290 = -2*a - 3*a - s*i. Calculate the remainder when 114 is divided by a.
56
Let q be (48/20)/(6/(-9700)). Calculate the remainder when q/(-45) + -4 - 2/9 is divided by 21.
19
Let p(i) = i**2 - 7*i + 11. Let j be p(6). Suppose 142 = -2*l + 3*l - 4*d, j*d = 2*l - 278. Calculate the remainder when l is divided by 27.
26
Suppose 3*y - 5*y = -10. Suppose 0 = -2*w + u - 3*u, 4*w = -y*u - 3. Suppose -187*s - 65 = -192*s. Calculate the remainder when s is divided by w.
1
Let v = -219 - -244. What is the remainder when 199 is divided by v?
24
Let f be 2/4*0/8. Suppose -k + 34 = -m, -m = -f*k - 2*k + 68. Calculate the remainder when k is divided by 18.
16
What is the remainder when 927 is divided by (-70)/875 + (-252)/(-25)?
7
Suppose 17*t + 41 = 3*p + 22*t, 0 = -4*p + 3*t + 45. Calculate the remainder when 53 is divided by p.
5
Let n(j) = -j**3 - 7*j**2 - j - 12. Let a be n(-9). Let l = 190 - a. Calculate the remainder when l is divided by 15.
1
Suppose -2*s - 4*h = -74, 3*h - 1 - 5 = 0. What is the remainder when 98 is divided by s?
32
Suppose -u + 26 = 3*s, 2*s - 16*u = -17*u + 18. Calculate the remainder when 118 is divided by s.
6
Suppose 4*l - 4*k = 60, 0 = 3*l + 7*k - 3*k - 66. Let y = 37 - l. Calculate the remainder when 37 is divided by y.
18
Let r(m) = 89 + 0*m**2 - 93 - 2*m + m**2. Calculate the remainder when r(6) is divided by 7.
6
Let c(y) = 3*y**2 - 22*y - 21. Let r(v) = -v**2 - v. Let g(h) = -c(h) - 6*r(h). Suppose -22 = -3*u + 2*u. Calculate the remainder when g(-10) is divided by u.
19
Calculate the remainder when (-1036)/(-4)*(2 + 1 + -2) is divided by 26.
25
Suppose -3 = -5*t - 3*z + 50, -4*t + 68 = -4*z. What is the remainder when 52 is divided by t?
0
Suppose -4*h - 1774 = -1818. Calculate the remainder when 258 is divided by h.
5
Suppose -7*s + v = -12*s + 27, -2*s + 18 = 4*v. What is the remainder when 29 is divided by s?
4
Suppose -5*q = 113 - 388. Suppose -28 = -4*m - 160. Let b = m + 47. Calculate the remainder when q is divided by b.
13
Calculate the remainder when 170 is divided by -5*(-21)/(-245) - 622/(-14).
38
Let p = -3 - -9. Suppose -3*u + 38 = c, -5*u - 65 = -p*c + 4*c. Calculate the remainder when c is divided by 9.
8
Let t = -8 + -19. Let x = -31 - t. What is the remainder when 40 is divided by (-16 - x)/(-3) + 18?
18
Let y(x) = -72*x. Let o be y(-2). Suppose 46 - o = -7*f. Suppose 2*b - 60 - 14 = 4*i, 3*b + 5*i = 56. What is the remainder when b is divided by f?
13
Let o = -82 - -115. Suppose -8*x + 12*x = 72. What is the remainder when o is divided by x?
15
Suppose 0 = -2*r - 299 + 1197. Suppose 0 = -4*p + 7 + r. Calculate the remainder when 53 is divided by (-3)/12 + p/8.
11
Suppose 4*s = -4*a + 204, -58*s + 61*s - 104 = -2*a. What is the remainder when 143 is divided by a?
45
Suppose 4*r - 7*r - 249 = 0. Let v = 127 + r. What is the remainder when 129 is divided by v?
41
Suppose 298 - 522 = -14*l. What is the remainder when 282 is divided by l?
10
Let h(o) = 3*o**2 - 3*o - 2. Let y be h(4). Suppose 27*z + y = 29*z. What is the remainder when 29 is divided by z?
12
Let x = -22 - -26. What is the remainder when (-27)/(-12) + (-1)/x is divided by (-1)/((-1 - 0)/1)?
0
Let h = -406 + 505. Calculate the remainder when 192 is divided by h.
93
Let d(i) = -22*i**3 - i**2 - i - 1. Let s = -19 - -23. Let b(v) = v + 4. Calculate the remainder when d(-1) is divided by b(s).
5
Suppose -27*n + 171 = -24*n. Suppose -2*x + 30 = -0*x. Calculate the remainder when n is divided by x.
12
Suppose a - 76 = -q + 66, 0 = 3*q - a - 430. What is the remainder when 155 is divided by q?
12
Suppose 0*t + 580 = 10*t. Suppose -13*c = -6*c - 161. Calculate the remainder when t is divided by c.
12
Let v = -317 + 374. What is the remainder when v is divided by 15?
12
What is the remainder when 36 is divided by -3 + -2 + 12 + 6?
10
Suppose -831 = 11*i - 2492. Calculate the remainder when i is divided by 36.
7
Suppose 17 = 5*f - 3*u - 38, 10 = 2*u. Calculate the remainder when 35 is divided by f.
7
Let n(b) = -9*b + 137. What is the remainder when n(-6) is divided by 21?
2
Let r = -2 - -14. What is the remainder when ((-522)/(-12))/(-15*17/(-340)) is divided by r?
10
Suppose 0 = 4*b + b - 205. Let f = -92 + 103. Calculate the remainder when b is divided by f.
8
Let v(r) = r**3 + 7*r**2 - 11*r - 7. Calculate the remainder when v(-6) is divided by 48.
47
Let m = 12 - -31. Suppose -14*v = 11*v - 3150. What is the remainder when v is divided by m?
40
Let t = -29 + -5. Let z = t - -3. Let y = -19 - z. What is the remainder when 21 is divided by y?
9
Let g = 208 + -2317. Let j be g/(-21) + (-12)/28. Suppose 0*c + j = 4*p - 4*c, 3*c = -3*p + 93. What is the remainder when p is divided by 10?
8
Suppose -268 = -6*j + 68. What is the remainder when 160 is divided by j?
48
Let b(m) = m**3 + 8*m**2 - m + 7. Let z be b(-4). Suppose -4*k = 2*x - 6*x - 60, -5*x + k = z. Let j = 4 - x. What is the remainder when j is divided by 11?
8
Suppose -4*s = 3*z - 8 - 27, 0 = -3*z + s + 25. Calculate the remainder when 332 is divided by z.
8
Suppose -21*w + 62 + 43 = 0. What is the remainder when 9/(-6)*(-56)/6 is divided by w?
4
Suppose 10*v - 2220 = -0*v. What is the remainder when v is divided by 57?
51
Let a(q) = q + 4. Let c be a(-7). Let u(f) = -2*f**3 - 2*f + 1161*f**2 - 5 + f - 1163*f**2. What is the remainder when 100 is divided by u(c)?
32
Let g = 3073 - 2994. Calculate the remainder when 226 is divided by g.
68
Let t(w) = 2*w**3 - 4*w**2 - 7*w + 19. Let y be 9/2*50/75. What is the remainder when t(y) is divided by 4?
0
Let k = -135 - -248. What is the remainder when k is divided by 11?
3
Suppose 5*f = -4 + 9, 5*f = k - 712. Calculate the remainder when k is divided by 40.
37
Let s = 41 + -5. Suppose 5*m - 2 = 48. Let r = 29 - m. Calculate the remainder when s is divided by r.
17
Let t = 13 - 16. Let f(j) = -j**3 - j**2 - 3. Let q be f(t). Let b = q + -12. What is the remainder when 10 is divided by b?
1
Let v = 10